6729595?
5, 29, 46411
What are the prime factors of 1016516?
2, 47, 5407
What are the prime factors of 1302195?
3, 5, 86813
List the prime factors of 3097244.
2, 73, 10607
List the prime factors of 2381239.
7, 41, 8297
List the prime factors of 13125887.
17, 599, 1289
List the prime factors of 128080.
2, 5, 1601
List the prime factors of 6939177.
3, 7, 61, 5417
What are the prime factors of 4630944?
2, 3, 48239
List the prime factors of 388628.
2, 97157
What are the prime factors of 6803646?
2, 3, 71, 15971
What are the prime factors of 1248852?
2, 3, 11, 9461
List the prime factors of 353964.
2, 3, 13, 2269
List the prime factors of 1984007.
1984007
List the prime factors of 2201704.
2, 17, 16189
List the prime factors of 7262630.
2, 5, 389, 1867
What are the prime factors of 23448841?
13, 73, 24709
List the prime factors of 4312500.
2, 3, 5, 23
What are the prime factors of 538915?
5, 13, 8291
List the prime factors of 1047002.
2, 11, 47591
What are the prime factors of 1423871?
29, 37, 1327
List the prime factors of 12743193.
3, 743, 5717
What are the prime factors of 183192?
2, 3, 17, 449
List the prime factors of 3334061.
257, 12973
What are the prime factors of 920142?
2, 3, 17, 31, 97
What are the prime factors of 33158744?
2, 1303, 3181
What are the prime factors of 113570?
2, 5, 41, 277
What are the prime factors of 38366479?
233, 164663
What are the prime factors of 181212?
2, 3, 15101
What are the prime factors of 2094233?
2094233
What are the prime factors of 180924?
2, 3, 15077
What are the prime factors of 911948?
2, 17, 13411
What are the prime factors of 2721238?
2, 13, 83, 97
What are the prime factors of 25478728?
2, 11, 26321
List the prime factors of 20280.
2, 3, 5, 13
What are the prime factors of 247878?
2, 3, 47, 293
List the prime factors of 517039.
67, 7717
What are the prime factors of 7357684?
2, 647, 2843
List the prime factors of 381934.
2, 7, 27281
What are the prime factors of 34413217?
34413217
What are the prime factors of 1332857?
293, 4549
What are the prime factors of 620657?
620657
What are the prime factors of 150882?
2, 3, 25147
What are the prime factors of 77654?
2, 41, 947
What are the prime factors of 1241583?
3, 7, 59123
List the prime factors of 6186800.
2, 5, 15467
What are the prime factors of 1609115?
5, 321823
List the prime factors of 3579640.
2, 5, 89491
List the prime factors of 7712316.
2, 3, 283, 757
What are the prime factors of 10121046?
2, 3, 13, 129757
List the prime factors of 26391964.
2, 823, 8017
List the prime factors of 1775436.
2, 3, 13, 19, 599
List the prime factors of 124869.
3, 107, 389
What are the prime factors of 5418727?
103, 52609
List the prime factors of 251006.
2, 7, 17929
List the prime factors of 67874.
2, 33937
List the prime factors of 645146.
2, 322573
List the prime factors of 4352186.
2, 67, 32479
What are the prime factors of 10199950?
2, 5, 203999
What are the prime factors of 2633579?
13, 173, 1171
List the prime factors of 6649992.
2, 3, 17, 1811
List the prime factors of 2726499.
3, 199, 4567
What are the prime factors of 2430973?
73, 33301
What are the prime factors of 749880?
2, 3, 5, 2083
What are the prime factors of 100250?
2, 5, 401
List the prime factors of 1097174.
2, 13, 19, 2221
What are the prime factors of 49581?
3, 7, 787
List the prime factors of 124106.
2, 62053
List the prime factors of 80411.
191, 421
List the prime factors of 462373.
462373
What are the prime factors of 266735?
5, 7, 7621
What are the prime factors of 450368?
2, 31, 227
List the prime factors of 9601257.
3, 41, 78059
List the prime factors of 645491.
7, 11, 83, 101
What are the prime factors of 595315?
5, 7, 73, 233
List the prime factors of 504353.
504353
What are the prime factors of 490039?
11, 44549
List the prime factors of 24750471.
3, 8250157
List the prime factors of 3987445.
5, 7, 11, 10357
What are the prime factors of 469904?
2, 43, 683
What are the prime factors of 274676?
2, 68669
List the prime factors of 3468756.
2, 3, 289063
List the prime factors of 201909.
3, 17, 37, 107
List the prime factors of 547871.
547871
What are the prime factors of 650812?
2, 162703
What are the prime factors of 17444988?
2, 3, 11, 44053
List the prime factors of 32075858.
2, 41, 443, 883
List the prime factors of 267003.
3, 11, 29, 31
List the prime factors of 701765.
5, 19, 83, 89
What are the prime factors of 1626887?
1626887
List the prime factors of 247148.
2, 11, 41, 137
List the prime factors of 538155.
3, 5, 11959
What are the prime factors of 19702309?
11, 162829
List the prime factors of 1264212.
2, 3, 35117
List the prime factors of 1265569.
47, 26927
List the prime factors of 1459581.
3, 486527
What are the prime factors of 4662648?
2, 3, 31, 2089
List the prime factors of 292683.
3, 97561
What are the prime factors of 36337?
7, 29, 179
List the prime factors of 7834349.
367, 21347
What are the prime factors of 7327859?
7, 11, 59, 1613
List the prime factors of 5153843.
31, 173
What are the prime factors of 434054?
2, 217027
What are the prime factors of 296323?
53, 5591
List the prime factors of 20560393.
7, 41, 71, 1009
What are the prime factors of 4416032?
2, 59, 2339
What are the prime factors of 1064331?
3, 118259
List the prime factors of 484892.
2, 241, 503
List the prime factors of 81966.
2, 3, 19, 719
List the prime factors of 420375.
3, 5, 19, 59
List the prime factors of 845268.
2, 3, 70439
List the prime factors of 305377.
305377
What are the prime factors of 605610?
2, 3, 5, 2243
What are the prime factors of 2361716?
2, 7, 84347
List the prime factors of 335297.
59, 5683
What are the prime factors of 539915?
5, 83, 1301
List the prime factors of 1460152.
2, 182519
List the prime factors of 69056.
2, 13, 83
List the prime factors of 103146.
2, 3, 17191
List the prime factors of 2431319.
11, 83, 2663
List the prime factors of 353740.
2, 5, 23, 769
List the prime factors of 958878.
2, 3, 1973
What are the prime factors of 3147863?
19, 29, 197
List the prime factors of 310795.
5, 61, 1019
List the prime factors of 2839720.
2, 5, 13, 43, 127
What are the prime factors of 1748995?
5, 499, 701
List the prime factors of 34001209.
11, 3091019
What are the prime factors of 64915?
5, 12983
List the prime factors of 280321.
280321
List the prime factors of 8146530.
2, 3, 5, 7, 67, 193
What are the prime factors of 118033?
118033
List the prime factors of 1257126.
2, 3, 13, 71, 227
What are the prime factors of 502124?
2, 7, 79, 227
List the prime factors of 4867756.
2, 1216939
What are the prime factors of 1162642?
2, 13, 97, 461
List the prime factors of 276592.
2, 59, 293
What are the prime factors of 79424?
2, 17, 73
What are the prime factors of 147074?
2, 151, 487
What are the prime factors of 13944196?
2, 7, 317, 1571
What are the prime factors of 433450?
2, 5, 8669
What are the prime factors of 81393?
3, 13, 2087
List the prime factors of 3624089.
7, 73961
List the prime factors of 2425381.
7, 421, 823
List the prime factors of 664100.
2, 5, 29, 229
List the prime factors of 3314485.
5, 662897
List the prime factors of 10576.
2, 661
List the prime factors of 852172.
2, 213043
List the prime factors of 248669.
43, 5783
What are the prime factors of 3660612?
2, 3, 29, 67, 157
List the prime factors of 23459815.
5, 47, 99829
What are the prime factors of 1178806?
2, 31, 19013
What are the prime factors of 2077425?
3, 5, 7, 1319
List the prime factors of 479734.
2, 23, 10429
What are the prime factors of 123286?
2, 61643
List the prime factors of 257864.
2, 32233
List the prime factors of 86291.
86291
List the prime factors of 287401.
31, 73, 127
List the prime factors of 4738522.
2, 2369261
What are the prime factors of 1860568?
2, 232571
List the prime factors of 1449215.
5, 289843
List the prime factors of 1410671.
97, 14543
What are the prime factors of 104944?
2, 7, 937
List the prime factors of 1095798.
2, 3, 11, 16603
What are the prime factors of 516857?
11, 19, 2473
List the prime factors of 35104353.
3, 673, 17387
What are the prime factors of 48280?
2, 5, 17, 71
List the prime factors of 935823.
3, 7, 44563
What are the prime factors of 53365?
5, 13, 821
List the prime factors of 777595.
5, 7, 13, 1709
List the prime factors of 670469.
67, 10007